st common factor of s and 275?
25
Let a(m) = 85 + 41 - 2*m**2 - 90*m + 89*m. Let h be a(7). Calculate the highest common divisor of 91 and h.
7
Suppose 0 = 79*r - 16976 - 6724. What is the highest common factor of r and 144?
12
Let f(i) = -6*i - 112. Let v be 32/(-48)*(-57)/(-2). Let k be f(v). Calculate the greatest common factor of 16 and k.
2
Let z(k) = 35*k**3 + 9*k**2 + 13*k - 281. Let i be z(8). What is the greatest common divisor of 14 and i?
7
Suppose 9895 - 12310 = -5*l. What is the greatest common factor of 2093 and l?
161
Let m = -22 - -25. Suppose 4*k - 3*k - 10 = -h, -5*h = -3*k - 34. Suppose 0 = -3*j + h - 5. Calculate the highest common divisor of m and j.
1
Let o be 322*((-6)/(-8))/(45/60). What is the greatest common factor of 2162 and o?
46
Let s = -6551 + 6585. Let k be 782*(-2)/(4/(-2)). What is the greatest common divisor of s and k?
34
Let n = 4869 + -4485. Calculate the highest common factor of 896 and n.
128
Let s = -7107 - -7195. Calculate the greatest common factor of s and 3212.
44
Suppose 13*o - 228 = 32. Suppose -g + 1 = -5*n - 5*g, -n - 2*g = -1. Let k be (-1 - 0/n)*(-3 + -2). Calculate the highest common divisor of o and k.
5
Let b = -25668 + 25780. Calculate the highest common factor of 602 and b.
14
Let t be 75/105*35 - (-16 - 4). Let n be (-120)/(-2) - (2 - 2). What is the highest common divisor of t and n?
15
Let f(w) = 80*w**2 - 27*w - 29. Let i be f(-1). What is the highest common divisor of 7228 and i?
26
Suppose -3*y + 589 = -2*u + 3644, -3*u + 4583 = -5*y. What is the highest common divisor of u and 14?
14
Suppose -97*m + 98*m = -6, -2*n + 4158 = 4*m. Calculate the highest common factor of n and 51.
51
Let l(s) = -s**3 - 15*s**2 - 19*s - 2. Let q be l(-14). Suppose 3*x - 1123 = f, -17*f + 20*f = -3. Calculate the highest common divisor of q and x.
34
Let u = -319 + 7201. What is the highest common factor of u and 111?
111
Let l = 29575 - 28395. Calculate the highest common divisor of l and 16815.
295
Suppose 141 - 101 = 5*r. Suppose 218 = -z + 306. Calculate the highest common divisor of z and r.
8
Let b be (-57)/(6/270*-3). Let j be (b/(-20))/((-6)/16). Calculate the highest common divisor of j and 6.
6
Let o = -158 + 1726. Let t be ((-856)/(-80) + 4)*640/96. Calculate the greatest common divisor of o and t.
98
Let j(q) = -258*q + 630. Let r be j(2). What is the greatest common factor of r and 38?
38
Let j(t) = 2*t**3 + 49*t**2 + 209*t - 3. Let w be j(-16). Calculate the highest common divisor of w and 45.
15
Let z be -4*(-1 + (-10)/4). Let y be 30754/(-16) - -1 - 2/(-16). Let t be y/(-68) + (-2)/8. Calculate the greatest common divisor of t and z.
14
Let c(b) = b - 3. Let d be c(6). Suppose l = -5*v + 111, d*v - 106 = -2*v + 4*l. What is the greatest common factor of 121 and v?
11
Let a(s) = s. Let m(o) = 2*o**2 + 10*o + 20. Let r(n) = 2*a(n) + m(n). Let k be r(-6). Calculate the greatest common factor of 210 and k.
10
Suppose 0 = 5*v - 4*m - 696, 8*m - 5*m = 4*v - 557. What is the greatest common factor of 500 and v?
20
Let b(d) = 55*d**2 + 824*d - 5. Let i be b(-18). What is the greatest common factor of 314 and i?
157
Let l = 237 + -87. Suppose 8892 = 217*u - 8059 - 4749. What is the highest common divisor of u and l?
50
Suppose 2*q - 4*w - 844 = 0, 3*q - 5*w - 592 - 678 = 0. What is the greatest common factor of 40 and q?
10
Suppose 2*t + 3*n + 1725 = 5076, -5*n = 5*t - 8385. Calculate the highest common factor of 880 and t.
80
Suppose 4*x - 2*l = -0 + 14, -9 = 3*l. Suppose -x*a - 4*p = 28, 77 = -5*a - 5*p + 12. Let j = a - -61. What is the highest common divisor of 7 and j?
7
Suppose -3*l - 911 = -4*g, -4*l + 3*g = 6*g + 1223. Let t = l + 324. Let a = 58 - -75. What is the highest common factor of t and a?
19
Let w be -2*219*(-15)/5. Suppose -4*b - 122 + w = 0. Let r = -198 + b. What is the highest common factor of 4 and r?
4
Let a = -3206 - -3214. What is the highest common factor of 44 and a?
4
Let u = 4038 + -3594. Calculate the highest common factor of 24 and u.
12
Let w be (-1)/(-3 - (-3)/((-102)/(-100))). Let c(t) = 323*t**2 + t - 1. Let n be c(1). What is the highest common factor of w and n?
17
Let m(u) = u**2 + 30*u + 19. Let v be m(0). Let p be 4*2/8*-326. Let c = 478 + p. What is the highest common factor of c and v?
19
Let d be (6 - 4) + 0 + -322. Let a = -173 - d. What is the greatest common factor of a and 63?
21
Suppose -4*u - 15686 = -j, -5*u + 36751 + 41679 = 5*j. Suppose -4*g - 19*g + j = 0. Calculate the greatest common factor of g and 22.
22
Suppose 4*f - 170 = -2*z, 409 = 4*z + z + 2*f. Suppose -129*l = -138*l + 81. Calculate the highest common factor of z and l.
9
Suppose -11*q + 524 = -8*q + 5*g, 5*g = -q + 168. Calculate the greatest common divisor of 7209 and q.
89
Suppose -3*w + 2*s + 173 = 0, 0 = 5*w + 4*s - 167 - 136. What is the greatest common factor of w and 13?
1
Let v(f) = -f**3 + 2*f - 2. Let t be v(2). Let z be 66/(-4)*4/t. Let w be ((-33)/330)/(-3 - (-116)/40). What is the highest common factor of z and w?
1
Let g(q) = -q**3 - 8*q**2 + 21*q + 153. Let l be g(-9). Suppose -171 + 21 = -2*z. What is the highest common divisor of l and z?
15
Suppose 10406 = 4*l - 2*p, -13*l + 15*l + 4*p - 5178 = 0. Calculate the highest common divisor of l and 46.
23
Suppose 4*j - 5 = -1. Let q(x) = x**3 - x**2 - x - 13. Let f be q(4). What is the greatest common divisor of j and f?
1
Let l be (1 + 30/(-4))/(1/(-2860)*22). What is the highest common divisor of l and 520?
65
Let l(f) = 0*f**2 - f**2 - 11 + 1 - 10*f. Let y be l(-6). Let g be (-4 - -7)/(-1 - y/(-11)). Calculate the greatest common factor of g and 66.
11
Let l = 3420 - 3392. Calculate the greatest common factor of 77 and l.
7
Suppose 2*f + 8*h - 15418 = 4*h, -10*h = f - 7709. What is the highest common divisor of 13 and f?
13
Let z = -596 + 380. Let p = z - -342. What is the greatest common factor of p and 28?
14
Suppose 102*o = 100*o - 5*m + 8275, 2*m + 16514 = 4*o. What is the highest common factor of o and 70?
70
Let v(l) = -l**3 - 84*l**2 + 58*l + 213. Let y be v(-89). Calculate the highest common factor of 96 and y.
96
Let p be 18*(-1)/(-8) - (-3)/(-12). Suppose -3*y + 125 = p*y. Calculate the greatest common factor of 25 and y.
25
Let m = 2239 + -2232. Calculate the highest common factor of 1071 and m.
7
Suppose -34 = -4*d - 0*d - 2*z, 0 = 3*d - 4*z - 20. Suppose 0 = 8*h + d*h - 4320. Let u be -12*(4 - (-13)/(-2)). What is the highest common divisor of h and u?
30
Suppose -4*d = 3*b - 7284, -5*b + 10 = 30. What is the highest common factor of 57 and d?
57
Let z = -9208 - -9704. Calculate the highest common divisor of 961 and z.
31
Let c(l) = 3*l - 5 + 4*l + 2*l - 14*l. Let o be c(-2). What is the highest common divisor of 145 and o?
5
Let v be (-3 + (-4 - -2))*3/(-3). Let r be (198/(-30))/((-4)/v + 1). Let q be (r/6)/((-7)/14). What is the highest common factor of q and 11?
11
Let n = 415 - 389. Suppose 42 = -8*m + 15*m. What is the highest common divisor of n and m?
2
Let c = -176 - 7. Let i = -147 - c. Suppose 0 = -5*z + 42 + 3. What is the highest common divisor of z and i?
9
Suppose 2*b = -p + 1269, 54*p = 52*p + 4*b + 2546. Calculate the highest common divisor of 31 and p.
31
Let i = 62 + -44. Let p be (1 - i/6) + 101. Calculate the highest common factor of p and 22.
11
Suppose 33*g - 15*g + 612 = 52*g. Suppose 3*l + 5*b = 0, 0*l = -2*l - b. Suppose 504 = 4*h - l*h. Calculate the highest common factor of g and h.
18
Let c(a) = 3*a**2 + 26*a + 16. Let x be c(-9). Suppose x*l - 20*l = 120. Calculate the highest common divisor of l and 72.
24
Let n be (2 + -48)*99/(-11). Suppose 5*u + m - 607 = 0, 0 = -4*u - 3*m + n + 76. What is the greatest common divisor of 11 and u?
11
Suppose -44*d + 10359 + 19201 = -10040. Calculate the greatest common divisor of 252 and d.
36
Let l = -5877 + 5962. Calculate the highest common divisor of l and 670.
5
Let c(p) = -2*p**3 + 9*p**2 + 14*p - 65. Let d be c(3). What is the highest common divisor of 1754 and d?
2
Let a be (16/(-12))/((-2)/(-3))*3. Let c be a/(-9) + 165/9. Let p(v) = v**2 + 152. Let t be p(0). Calculate the highest common factor of t and c.
19
Let v be -255 - 34 - (3 - 1). Let k = v + 403. Calculate the highest common factor of k and 280.
56
Let s be (4/5)/((